{"id":47,"date":"2012-11-17T20:30:55","date_gmt":"2012-11-17T20:30:55","guid":{"rendered":"http:\/\/simone.neuroscienze.org\/?page_id=47"},"modified":"2022-09-23T08:52:19","modified_gmt":"2022-09-23T06:52:19","slug":"accompagnement-de-lallaitement-maternel","status":"publish","type":"page","link":"https:\/\/naissancedouce.be\/?page_id=47","title":{"rendered":"Allaitement maternel"},"content":{"rendered":"<p><a href=\"http:\/\/naissancedouce.be\/wp-content\/uploads\/2012\/11\/bb-au-sein2.jpg\"><img loading=\"lazy\" decoding=\"async\" class=\"alignleft size-medium wp-image-60\" title=\"bb au sein\" src=\"http:\/\/naissancedouce.be\/wp-content\/uploads\/2012\/11\/bb-au-sein2-300x225.jpg\" alt=\"\" width=\"300\" height=\"225\"><\/a>Les premi\u00e8res semaines de l\u2019allaitement maternel ne sont pas toujours simples. Si vous avez des douleurs (crevasses, engorgement..), ou si vous vous posez des questions par rapport au rythme des t\u00e9t\u00e9es, au poids de votre b\u00e9b\u00e9, si vous devez reprendre le travail et souhaiteriez continuer l&rsquo;allaitement ou pour tout autre question, je peux vous accompagner, \u00e0 domicile, et selon vos besoins.<\/p>\n<p>(source image: delbio.blogspot.be)<\/p>\n","protected":false},"excerpt":{"rendered":"<p>Les premi\u00e8res semaines de l\u2019allaitement maternel ne sont pas toujours simples. Si vous avez des douleurs (crevasses, engorgement..), ou si vous vous posez des questions par rapport au rythme des t\u00e9t\u00e9es, au poids de votre b\u00e9b\u00e9, si vous devez reprendre le travail et souhaiteriez continuer l&rsquo;allaitement ou pour tout autre question, je peux vous accompagner, &hellip; <\/p>\n<p class=\"link-more\"><a href=\"https:\/\/naissancedouce.be\/?page_id=47\" class=\"more-link\">Continuer la lecture<span class=\"screen-reader-text\"> de &laquo;&nbsp;Allaitement maternel&nbsp;&raquo;<\/span><\/a><\/p>\n","protected":false},"author":1,"featured_media":0,"parent":0,"menu_order":0,"comment_status":"closed","ping_status":"open","template":"","meta":{"footnotes":""},"class_list":["post-47","page","type-page","status-publish","hentry"],"_links":{"self":[{"href":"https:\/\/naissancedouce.be\/index.php?rest_route=\/wp\/v2\/pages\/47","targetHints":{"allow":["GET"]}}],"collection":[{"href":"https:\/\/naissancedouce.be\/index.php?rest_route=\/wp\/v2\/pages"}],"about":[{"href":"https:\/\/naissancedouce.be\/index.php?rest_route=\/wp\/v2\/types\/page"}],"author":[{"embeddable":true,"href":"https:\/\/naissancedouce.be\/index.php?rest_route=\/wp\/v2\/users\/1"}],"replies":[{"embeddable":true,"href":"https:\/\/naissancedouce.be\/index.php?rest_route=%2Fwp%2Fv2%2Fcomments&post=47"}],"version-history":[{"count":6,"href":"https:\/\/naissancedouce.be\/index.php?rest_route=\/wp\/v2\/pages\/47\/revisions"}],"predecessor-version":[{"id":199,"href":"https:\/\/naissancedouce.be\/index.php?rest_route=\/wp\/v2\/pages\/47\/revisions\/199"}],"wp:attachment":[{"href":"https:\/\/naissancedouce.be\/index.php?rest_route=%2Fwp%2Fv2%2Fmedia&parent=47"}],"curies":[{"name":"wp","href":"https:\/\/api.w.org\/{rel}","templated":true}]}}