{"id":148,"date":"2018-01-17T17:15:16","date_gmt":"2018-01-17T17:15:16","guid":{"rendered":"http:\/\/naissancedouce.be\/?page_id=148"},"modified":"2022-09-24T16:07:16","modified_gmt":"2022-09-24T14:07:16","slug":"la-preparation-affective-a-la-naissance-haptonomie","status":"publish","type":"page","link":"https:\/\/naissancedouce.be\/?page_id=148","title":{"rendered":"la pr\u00e9paration affective \u00e0 la naissance (haptonomie)"},"content":{"rendered":"<p><a href=\"http:\/\/naissancedouce.be\/wp-content\/uploads\/2012\/10\/bbpapamaman1.jpg\"><img loading=\"lazy\" decoding=\"async\" class=\" size-medium wp-image-7 alignleft\" src=\"http:\/\/naissancedouce.be\/wp-content\/uploads\/2012\/10\/bbpapamaman1-300x199.jpg\" alt=\"bbpapamaman.jpg\" width=\"300\" height=\"199\"><\/a><\/p>\n<p>La pr\u00e9paration affective \u00e0 la naissance s&rsquo;inspire fortement de l&rsquo;haptonomie. Elle permet de d\u00e9velopper une relation privil\u00e9gi\u00e9e avec le b\u00e9b\u00e9, d\u00e8s le d\u00e9but de la grossesse (18-20 semaines id\u00e9alement). Elle permet \u00e9galement de donner au partenaire toute la place et le role qu il souhaite, c&rsquo;est vraiment une pr\u00e9paration \u00e0 trois (ou plus s&rsquo;il s&rsquo;agit d&rsquo;une grossesse multiple!)!<\/p>\n<p>Il s&rsquo;agit \u00e9galement d&rsquo;une pr\u00e9paration compl\u00e8te \u00e0 l&rsquo;accouchement, qui vous offrira des outils concrets pour la naissance de votre b\u00e9b\u00e9 en d\u00e9veloppant vos propres comp\u00e9tences.<\/p>\n<p>Comme pour la pr\u00e9paration globale, il me tient vraiment \u00e0 coeur d&rsquo;adapter la pr\u00e9paration \u00e0 chaque couple, \u00e0 chaque famille.<\/p>\n","protected":false},"excerpt":{"rendered":"<p>La pr\u00e9paration affective \u00e0 la naissance s&rsquo;inspire fortement de l&rsquo;haptonomie. Elle permet de d\u00e9velopper une relation privil\u00e9gi\u00e9e avec le b\u00e9b\u00e9, d\u00e8s le d\u00e9but de la grossesse (18-20 semaines id\u00e9alement). Elle permet \u00e9galement de donner au partenaire toute la place et le role qu il souhaite, c&rsquo;est vraiment une pr\u00e9paration \u00e0 trois (ou plus s&rsquo;il s&rsquo;agit &hellip; <\/p>\n<p class=\"link-more\"><a href=\"https:\/\/naissancedouce.be\/?page_id=148\" class=\"more-link\">Continuer la lecture<span class=\"screen-reader-text\"> de &laquo;&nbsp;la pr\u00e9paration affective \u00e0 la naissance (haptonomie)&nbsp;&raquo;<\/span><\/a><\/p>\n","protected":false},"author":1,"featured_media":0,"parent":0,"menu_order":0,"comment_status":"closed","ping_status":"open","template":"","meta":{"footnotes":""},"class_list":["post-148","page","type-page","status-publish","hentry"],"_links":{"self":[{"href":"https:\/\/naissancedouce.be\/index.php?rest_route=\/wp\/v2\/pages\/148","targetHints":{"allow":["GET"]}}],"collection":[{"href":"https:\/\/naissancedouce.be\/index.php?rest_route=\/wp\/v2\/pages"}],"about":[{"href":"https:\/\/naissancedouce.be\/index.php?rest_route=\/wp\/v2\/types\/page"}],"author":[{"embeddable":true,"href":"https:\/\/naissancedouce.be\/index.php?rest_route=\/wp\/v2\/users\/1"}],"replies":[{"embeddable":true,"href":"https:\/\/naissancedouce.be\/index.php?rest_route=%2Fwp%2Fv2%2Fcomments&post=148"}],"version-history":[{"count":5,"href":"https:\/\/naissancedouce.be\/index.php?rest_route=\/wp\/v2\/pages\/148\/revisions"}],"predecessor-version":[{"id":225,"href":"https:\/\/naissancedouce.be\/index.php?rest_route=\/wp\/v2\/pages\/148\/revisions\/225"}],"wp:attachment":[{"href":"https:\/\/naissancedouce.be\/index.php?rest_route=%2Fwp%2Fv2%2Fmedia&parent=148"}],"curies":[{"name":"wp","href":"https:\/\/api.w.org\/{rel}","templated":true}]}}